number?
True
Is 1064659 prime?
False
Is 959297 prime?
False
Is 144713 composite?
True
Is 434552423 a prime number?
True
Is 4867063 a composite number?
False
Is 31697327 a prime number?
True
Is 2873777 a composite number?
False
Is 30698191 a prime number?
False
Is 17194789 a prime number?
False
Is 38678231 composite?
True
Is 45942433 prime?
True
Is 3359777 a composite number?
True
Is 5597549 a prime number?
True
Is 667627 a composite number?
True
Is 23711897 prime?
False
Is 2717011 prime?
False
Is 10572799 prime?
True
Is 2265269 a prime number?
True
Is 8592637 a composite number?
False
Is 8509649 a prime number?
True
Is 14209189 prime?
True
Is 30732827 a prime number?
True
Is 45181751 a composite number?
False
Is 457226857 a prime number?
False
Is 3951587 a prime number?
True
Is 39198373 composite?
True
Is 72637003 composite?
True
Is 5303443 composite?
False
Is 10848011 a prime number?
True
Is 325518829 a composite number?
False
Is 368018219 a prime number?
True
Is 4692313 composite?
False
Is 7884193 composite?
True
Is 394994723 a composite number?
False
Is 3301387 composite?
True
Is 2572909 prime?
False
Is 1346353 composite?
False
Is 17041929 prime?
False
Is 217640747 a prime number?
False
Is 94522817 prime?
True
Is 15207431 a composite number?
False
Is 3132139 prime?
True
Is 26739689 a prime number?
False
Is 6994731 composite?
True
Is 9319141 a composite number?
True
Is 436365617 prime?
True
Is 27999813 composite?
True
Is 13819427 prime?
True
Is 5061839 a prime number?
False
Is 1440233 a prime number?
True
Is 1061326345 a prime number?
False
Is 2042749 a prime number?
True
Is 5191091 composite?
False
Is 74034757 a composite number?
False
Is 233771 composite?
True
Is 373138 a composite number?
True
Is 744791 a prime number?
True
Is 542579 a prime number?
True
Is 4541837 a composite number?
True
Is 6485387 a prime number?
True
Is 1210217 a prime number?
False
Is 172049 prime?
True
Is 24022997 a prime number?
False
Is 13115809 a composite number?
True
Is 29624687 a composite number?
False
Is 1980087 a composite number?
True
Is 6958037 prime?
False
Is 165681293 prime?
True
Is 8610547 prime?
False
Is 28819381 composite?
False
Is 46540313 prime?
True
Is 153793 composite?
True
Is 31043013 prime?
False
Is 6230291 prime?
True
Is 94249031 a prime number?
True
Is 5628127 prime?
True
Is 313635235 a composite number?
True
Is 10247947 prime?
True
Is 915793555 a composite number?
True
Is 9691835 composite?
True
Is 145365713 prime?
False
Is 153147083 a composite number?
True
Is 6349253 prime?
True
Is 49314541 prime?
False
Is 7259953 composite?
True
Is 1701551 a composite number?
True
Is 87901921 prime?
True
Is 19954519 prime?
False
Is 281151043 a composite number?
False
Is 75575447 a prime number?
False
Is 3418159 a composite number?
False
Is 90648319 prime?
False
Is 137760841 a prime number?
True
Is 1132199 a prime number?
True
Is 67768997 prime?
True
Is 137337826 prime?
False
Is 142425187 a composite number?
True
Is 86040877 a composite number?
True
Is 645611 a prime number?
True
Is 10974997 a prime number?
False
Is 18812603 composite?
True
Is 641737 prime?
False
Is 369407 composite?
False
Is 140954153 a prime number?
True
Is 19466758 prime?
False
Is 697275489 a prime number?
False
Is 11845201 a prime number?
True
Is 4778687 a composite number?
True
Is 13256333 a composite number?
False
Is 51108539 a prime number?
True
Is 19682363 a prime number?
True
Is 889867 composite?
True
Is 561169 a composite number?
True
Is 124812251 composite?
False
Is 10026323 composite?
True
Is 5714747 prime?
True
Is 14041763 composite?
True
Is 215790763 prime?
True
Is 490069 composite?
True
Is 4957523 a composite number?
True
Is 179328911 prime?
True
Is 953593 a composite number?
False
Is 213306077 composite?
False
Is 954697 prime?
True
Is 973633 a composite number?
True
Is 2752687 prime?
False
Is 22882919 prime?
False
Is 28787347 prime?
True
Is 27093173 a prime number?
True
Is 103479823 a composite number?
False
Is 56184935 a composite number?
True
Is 10504831 prime?
False
Is 676877387 a composite number?
False
Is 770405 composite?
True
Is 2250359 a composite number?
False
Is 360917849 composite?
True
Is 28349471 composite?
False
Is 240060109 prime?
True
Is 6745283 prime?
False
Is 17753531 a prime number?
False
Is 15504079 composite?
True
Is 20443119 composite?
True
Is 18672961 composite?
True
Is 1130359 prime?
True
Is 3619433 a composite number?
False
Is 205474261 a prime number?
True
Is 474312131 a prime number?
False
Is 9995809 prime?
False
Is 550051 composite?
True
Is 3704941 a prime number?
True
Is 1831967 prime?
True
Is 155450914 composite?
True
Is 67505567 prime?
False
Is 372353 a prime number?
True
Is 16115221 a prime number?
True
Is 286039 prime?
False
Is 1879519 composite?
True
Is 1270671 composite?
True
Is 738373 prime?
True
Is 671311 prime?
False
Is 9778586 composite?
True
Is 761429 a prime number?
True
Is 630502923 prime?
False
Is 1187619 a prime number?
False
Is 5763419 composite?
True
Is 14309719 composite?
False
Is 143683207 a composite number?
False
Is 14476031 a prime number?
False
Is 12351959 a composite number?
False
Is 263924911 prime?
False
Is 365663 a composite number?
True
Is 65590849 composite?
False
Is 265580023 prime?
True
Is 1150973 composite?
False
Is 1314319 prime?
False
Is 188274593 prime?
False
Is 79014259 composite?
False
Is 2976527 prime?
False
Is 2197717 a prime number?
False
Is 7629433 composite?
True
Is 23108929 a prime number?
False
Is 34604747 composite?
False
Is 11352233 a prime number?
True
Is 11950817 a composite number?
False
Is 69907 a prime number?
False
Is 3599717 prime?
False
Is 102841411 composite?
True
Is 33426143 prime?
True
Is 3420659 a composite number?
True
Is 1243609 prime?
True
Is 14599063 prime?
True
Is 82283197 a prime number?
True
Is 2636171 composite?
False
Is 294461 composite?
False
Is 1038430201 composite?
False
Is 507407191 a prime number?
True
Is 239157602 a composite number?
True
Is 17076901 composite?
True
Is 9939893 composite?
False
Is 206290157 composite?
False
Is 7287641 a composite number?
True
Is 742549 a composite number?
False
Is 101571419 a composite number?
False
Is 84933939 composite?
True
Is 6737281 composite?
True
Is 41464069 prime?
True
Is 317827 prime?
True
Is 24816059 composite?
True
Is 25771223 a composite number?
False
Is 686343793 a prime number?
False
Is 3334911 composite?
True
Is 10149563 a composite number?
False
Is 20714429 prime?
True
Is 655469 composite?
True
Is 1876073 a prime number?
True
Is 139859009 composite?
False
Is 3883001 prime?
True
Is 117250873 a composite number?
False
Is 2873811 a composite number?
True
Is 6907323 a composite number?
True
Is 458262227 a prime number?
True
Is 3440237 prime?
True
Is 16766819 a prime number?
True
Is 252797 composite?
True
Is 134620399 a composite number?
True
Is 89726671 a prime number?
False
Is 8653937 a prime number?
True
Is 94381471 a composite number?
False
Is 9272293 composite?
True
Is 725134909 prime?
True
Is 233873077 a composite number?
True
Is 36770999 a prime number?
True
Is 7404823 composite?
False
Is 14732137 prime?
False
Is 4118129 a prime number?
False
Is 92381557 a composite number?
False
Is 5971731 a composite number?
True
Is 143291851 a prime number?
True
Is 193261 composite?
False
Is 15315347 composite?
False
Is 194401167 a prime number?
False
Is 3322841 prime?
False
Is 7290154 prime?
False
Is 207642727 composite?
True
Is 38954543 prime?
True
Is 410587 prime?
True
Is 429811037 composite?
False
Is 440371 composite?
False
Is 2393186 prime?
False
Is 1735303 a prime number?
False
Is 4580603 a composite number?
False
Is 49602505 a prime number?
False
Is 8302493 prime?
True
Is 1937587 a composite number?
False
Is 2071987 prime?
False
Is 2218751 a prime number?
True
Is 68947 a composite number?
False
Is 315073 prime?
False
Is 11172593 composite?
False
Is 1554859 prime?
False
Is 4742191 prime?
False
Is 47562997 a composite number?
True
Is 11256581 a composite number?
True
Is 153504329 prime?
False
Is 64950638 a prime number?
False
Is 16856179 prime?
True
Is 21796679 a prime number?
True
Is 1833449 a composite number?
True
Is 17681879 a composite number?
False
Is 2011831 composite?
True
Is 4381739 prime?
True
Is 1367011 a composite n